reds digit of 3396716?
7
What is the hundreds digit of 3373514?
5
What is the hundred thousands digit of 2869673?
8
What is the thousands digit of 264327?
4
What is the units digit of 239791?
1
What is the ten thousands digit of 20975142?
7
What is the ten thousands digit of 1592957?
9
What is the hundred thousands digit of 479882?
4
What is the hundreds digit of 7479393?
3
What is the hundreds digit of 1085440?
4
What is the hundred thousands digit of 564868?
5
What is the millions digit of 3472778?
3
What is the thousands digit of 2627785?
7
What is the thousands digit of 758197?
8
What is the millions digit of 18697191?
8
What is the tens digit of 3640808?
0
What is the hundreds digit of 123880?
8
What is the millions digit of 21336185?
1
What is the ten thousands digit of 158962?
5
What is the hundred thousands digit of 903300?
9
What is the hundred thousands digit of 1013207?
0
What is the thousands digit of 15110391?
0
What is the hundreds digit of 4006209?
2
What is the thousands digit of 10792772?
2
What is the ten thousands digit of 1180860?
8
What is the units digit of 62138?
8
What is the tens digit of 114771?
7
What is the millions digit of 3440371?
3
What is the ten thousands digit of 5201932?
0
What is the units digit of 6405855?
5
What is the units digit of 15850425?
5
What is the millions digit of 8573755?
8
What is the units digit of 226816?
6
What is the units digit of 13588901?
1
What is the thousands digit of 496327?
6
What is the units digit of 861243?
3
What is the ten thousands digit of 4639526?
3
What is the tens digit of 3287518?
1
What is the millions digit of 2136970?
2
What is the hundreds digit of 471475?
4
What is the hundreds digit of 3897?
8
What is the hundred thousands digit of 2169401?
1
What is the millions digit of 1248907?
1
What is the tens digit of 666280?
8
What is the ten thousands digit of 660358?
6
What is the hundred thousands digit of 525842?
5
What is the hundred thousands digit of 838235?
8
What is the tens digit of 149262?
6
What is the hundred thousands digit of 431949?
4
What is the tens digit of 1803773?
7
What is the hundred thousands digit of 239237?
2
What is the hundred thousands digit of 19099437?
0
What is the ten millions digit of 42790772?
4
What is the tens digit of 33892421?
2
What is the thousands digit of 562209?
2
What is the units digit of 5592883?
3
What is the thousands digit of 988125?
8
What is the units digit of 2315476?
6
What is the hundreds digit of 711967?
9
What is the ten thousands digit of 9008576?
0
What is the hundred thousands digit of 378074?
3
What is the tens digit of 4380219?
1
What is the ten thousands digit of 9533863?
3
What is the units digit of 200948?
8
What is the thousands digit of 5823002?
3
What is the hundreds digit of 14530794?
7
What is the hundreds digit of 326910?
9
What is the hundred thousands digit of 807579?
8
What is the thousands digit of 7836550?
6
What is the hundreds digit of 1285097?
0
What is the ten thousands digit of 55463?
5
What is the tens digit of 46451?
5
What is the ten thousands digit of 29052138?
5
What is the ten thousands digit of 3437954?
3
What is the ten millions digit of 18256713?
1
What is the millions digit of 6431079?
6
What is the millions digit of 21961584?
1
What is the ten thousands digit of 979768?
7
What is the ten thousands digit of 462949?
6
What is the ten thousands digit of 18593199?
9
What is the hundreds digit of 352484?
4
What is the ten thousands digit of 21043?
2
What is the thousands digit of 59267?
9
What is the units digit of 586409?
9
What is the thousands digit of 15907?
5
What is the units digit of 1116036?
6
What is the hundreds digit of 26703?
7
What is the ten thousands digit of 744190?
4
What is the thousands digit of 149358?
9
What is the tens digit of 3650081?
8
What is the units digit of 5284896?
6
What is the hundreds digit of 603497?
4
What is the ten thousands digit of 89187?
8
What is the thousands digit of 399382?
9
What is the millions digit of 2382605?
2
What is the hundred thousands digit of 4798007?
7
What is the ten millions digit of 18422691?
1
What is the hundreds digit of 1693387?
3
What is the tens digit of 146125?
2
What is the units digit of 54583?
3
What is the tens digit of 738981?
8
What is the tens digit of 3903924?
2
What is the thousands digit of 145215?
5
What is the thousands digit of 10244382?
4
What is the hundred thousands digit of 993608?
9
What is the ten millions digit of 12704524?
1
What is the tens digit of 2085657?
5
What is the tens digit of 1246444?
4
What is the hundreds digit of 206314?
3
What is the tens digit of 1611202?
0
What is the tens digit of 3930695?
9
What is the hundreds digit of 7319630?
6
What is the hundred thousands digit of 299552?
2
What is the ten thousands digit of 830850?
3
What is the hundreds digit of 960100?
1
What is the ten thousands digit of 1391178?
9
What is the hundreds digit of 521680?
6
What is the thousands digit of 7945184?
5
What is the units digit of 7569?
9
What is the tens digit of 247886?
8
What is the units digit of 8243?
3
What is the tens digit of 449706?
0
What is the tens digit of 3471170?
7
What is the ten thousands digit of 11700458?
0
What is the hundreds digit of 591322?
3
What is the thousands digit of 2746588?
6
What is the units digit of 6743221?
1
What is the ten millions digit of 37634105?
3
What is the thousands digit of 1342321?
2
What is the hundred thousands digit of 580919?
5
What is the hundreds digit of 17579185?
1
What is the hundred thousands digit of 1813381?
8
What is the hundreds digit of 1216696?
6
What is the hundreds digit of 20362695?
6
What is the thousands digit of 184628?
4
What is the ten thousands digit of 15708626?
0
What is the millions digit of 26611573?
6
What is the thousands digit of 748831?
8
What is the ten thousands digit of 1247683?
4
What is the thousands digit of 1365212?
5
What is the hundreds digit of 156291?
2
What is the units digit of 13503685?
5
What is the thousands digit of 63536?
3
What is the tens digit of 6127061?
6
What is the thousands digit of 260669?
0
What is the hundreds digit of 133233?
2
What is the units digit of 353164?
4
What is the units digit of 8479703?
3
What is the ten thousands digit of 1893977?
9
What is the tens digit of 2156860?
6
What is the units digit of 112671?
1
What is the ten millions digit of 20644222?
2
What is the hundreds digit of 104184?
1
What is the hundreds digit of 1001585?
5
What is the millions digit of 16794602?
6
What is the units digit of 646761?
1
What is the tens digit of 365382?
8
What is the thousands digit of 78928?
8
What is the hundreds digit of 1270771?
7
What is the thousands digit of 886650?
6
What is the ten thousands digit of 392883?
9
What is the ten thousands digit of 9239145?
3
What is the hundred thousands digit of 6960834?
9
What is the hundreds digit of 299270?
2
What is the hundreds digit of 782232?
2
What is the millions digit of 3300773?
3
What is the hundreds digit of 574580?
5
What is the hundreds digit of 842313?
3
What is the units digit of 6917545?
5
What is the hundred thousands digit of 1055085?
0
What is the tens digit of 19778133?
3
What is the thousands digit of 83181?
3
What is the tens digit of 9302723?
2
What is the thousands digit of 3545298?
5
What is the hundred thousands digit of 859576?
8
What is the thousands digit of 3915306?
5
What is the thousands digit of 92867?
2
What is the tens digit of 1780137?
3
What is the millions digit of 5790987?
5
What is the units digit of 4955785?
5
What is the hundreds digit of 15405535?
5
What is the thousands digit of 1314392?
4
What is the ten thousands digit of 217431?
1
What is the hundred thousands digit of 2787046?
7
What is the ten thousands digit of 3052970?
5
What is the thousands digit of 1744126?
4
What is the hundred thousands digit of 1844697?
8
What is the tens digit of 475025?
2
What is the hundred thousands digit of 240039?
2
What is the ten thousands digit of 1935124?
3
What is the thousands digit of 152190?
2
What is the hundred thousands digit of 3220924?
2
What is the tens digit of 1747516?
1
What is the hundreds digit of 2032050?
0
What is the thousands digit of 2296097?
6
What is the ten thousands digit of 28141724?
4